
-3
Let o(z) be the first derivative of -3*z**2 + 8*z - 1312. Calculate o(-7).
50
Let o(x) = 1511*x**3 - 3007*x**3 - 13 + 1497*x**3 + 8*x**2 - 4*x. Give o(-8).
19
Let c(i) = 3*i**2 - 7*i + 8. Let w(b) = b + 7. Let m be w(-6). Let t be c(m). Let g(z) = -z**3 + 3*z**2 + 6*z - 2. Calculate g(t).
6
Let o = 15766 - 15772. Let v(h) = -10*h**2 - 16*h - 4. Let b(f) = -7*f**2 - 11*f - 3. Let t be ((-4)/(-6))/(4/30). Let m(r) = t*v(r) - 7*b(r). Give m(o).
-17
Let o be -4 + -2 + (18 - -301). Let r = -321 + o. Let z(j) = 1 - 2 - 2 + j. Determine z(r).
-11
Let t(b) = -132*b**3 - 5*b + 5. Suppose -u + 334 = 393*u - 60*u. Determine t(u).
-132
Let h(s) = 11*s + 0*s + 3 + 4 + s**2. Suppose -2*k + v = 22, 8*v + 29 = -5*k + 4*v. Give h(k).
-11
Let j be 15*(-12)/30 + 6/1. Let g(s) = -2 + 0*s + j - 7 - 4 - s. Let w(p) = p**3 + 3*p**2. Let t be w(-3). What is g(t)?
-13
Let n(i) = 14*i**2 - 111*i + 226. Let h(r) = 10*r**2 - 112*r + 222. Let l(d) = 3*h(d) - 2*n(d). Give l(55).
-6
Let v(r) = -r**2 - 4*r - 4. Let u(n) = -n - 1. Let s(w) = -6*u(w) + v(w). Let t be s(3). Let h(x) = -x - 77 - 45 + 121. Calculate h(t).
0
Let y(b) be the third derivative of -1/120*b**5 + 13/2*b**3 - 42*b**2 + 0 + 0*b + 7/24*b**4. Let p(k) be the first derivative of y(k). What is p(9)?
-2
Suppose 2 = -r + 4. Let q(t) = -2290*t**3 - 6 - 1 - 5*t**r + 2291*t**3 + t. Give q(5).
-2
Let o = 89 + -194. Let z = -111 - o. Let b(n) = -n**2 + 1. Let h(c) = -2*c**2 + 9*c + 10. Let g(k) = 3*b(k) - h(k). Determine g(z).
11
Let t(h) = -h - 3. Let u(w) = -2*w**3 + 7*w**2 + 2*w + 1. Suppose -31 + 34 = k. Let d be (-2)/1*3/(k/(-2)). Let s be u(d). Calculate t(s).
4
Let t(c) = c**2 - 9*c + 4. Let s(u) = u**2 + 4*u - 53. Let z = -259 + 249. Let h be s(z). Determine t(h).
-10
Let y(w) be the first derivative of -w**5/20 + w**4/3 - w**3 + 3*w**2/2 - 36*w - 9. Let t(v) be the first derivative of y(v). Determine t(4).
-21
Let t(g) be the second derivative of 29*g**3/6 + 103*g**2 + 209*g + 3. What is t(-7)?
3
Let f(z) = -5*z**2 + 4263*z - 4259*z + z**2 - 2. Let d be (-1)/(-2*(-1)/(-2)). Let p(y) = y**2. Let a(h) = d*p(h) + f(h). Determine a(3).
-17
Let s(f) = 6*f - 249. Suppose 140*u = -90*u - 352 + 9552. What is s(u)?
-9
Let i = 7719 + -7717. Let c(v) = -v**3 + v**2 - v + 1. What is c(i)?
-5
Let y(v) = 1. Let w(n) = n**3 - 8*n**2 + n - 10. Let q be w(8). Let s be ((-6)/12)/(13/26). Let b(z) = -z + 18. Let a(o) = q*y(o) + s*b(o). Give a(0).
-20
Suppose -2 = 3*u - u. Let z be (118*-1)/(-2)*(-18 + 19). Let m(l) = 27*l**2 - z*l**2 + 1 + l + 25*l**2. Give m(u).
-7
Let p = -52 - -55. Let k be 0/(-1)*p/6. Let q(m) = -m - 6. Let n be q(k). Let t(c) = c**3 + 5*c**2 - 5*c. What is t(n)?
-6
Let y(m) = -3*m - 12. Let p(c) = 3*c + 12. Suppose 4*r + 28 - 16 = 0. Let k(z) = r*p(z) - 2*y(z). Give k(-5).
3
Let b be (-6)/21 - 78/21. Let q(k) = k**2 + 6*k + 6. Give q(b).
-2
Let c(j) = -j. Let h(f) be the first derivative of 2*f - 108. Let l(k) = 6*c(k) + h(k). Calculate l(-1).
8
Let r(s) = -s**3 - 6*s**2. Let w(q) = -6*q - 146. Let f be w(-24). Let a be -7 + (-2)/f + 1. Give r(a).
-25
Let r(q) be the third derivative of -q**2 - 1/4*q**4 + 51 + 1/60*q**5 + 0*q - 1/6*q**3. What is r(6)?
-1
Let b(q) = q**3 + 13*q**2 - 4*q + 14. Suppose 0 = -4*s - 4*t - 24, 25*s - 19*s = t - 85. Calculate b(s).
66
Let o(x) = 2*x - 2*x - 954 + x + 952 - x**2. Determine o(-2).
-8
Suppose -5*n = 5*f + 40, -65 = -5*n - 55. Let y(g) be the third derivative of -g**4/24 - 2*g**3/3 + 2*g**2. Calculate y(f).
6
Suppose -5*d = -4*r + 32, 5*r = -d - 27 + 9. Let u(a) = -a**3 - 13*a**2 + 12*a + 4. Let x be u(-14). Let h(f) = -20 + 5*f + x - 3*f. Give h(d).
-4
Suppose 0 = -3*p + h + 11 + 20, 3*p - 3*h = 27. Suppose 8*l = p*l - 9. Suppose l*k = -81 + 51. Let j(z) = z**3 + 9*z**2 - 9*z + 12. Calculate j(k).
2
Let o(u) = -114*u - 24. Let x(l) = -23*l - 1. Let z(d) = o(d) - 5*x(d). Calculate z(-7).
-26
Suppose -29 = 2*p - 25. Let y(s) be the first derivative of -2*s**2 + 9 + 0*s**2 - 2*s**3 - 3*s - s**4 + s**3. Determine y(p).
25
Suppose 2*b + 23 = -3*i + 49, -2*i + 34 = -2*b. Let l(u) = 5*u - 2. What is l(i)?
58
Let q(z) = -z**3 - 5*z**2 - 2*z - 4. Let o be q(-5). Suppose d - o = 3*d. Let g(m) = 2*m**2 + 53 + 3*m**2 + 3*m - 51 - 4*m**2. Give g(d).
2
Let m(x) = 2*x**3 - 2*x**2 - 8*x - 6. Let l(b) = -3*b**3 + 4*b**2 + 18*b + 15. Let v(d) = -3*l(d) - 7*m(d). Give v(3).
-114
Suppose 21 = 36*q - 35*q. Let h(b) = -59 + 18 + 7*b + 21 + q. Determine h(1).
8
Let i(y) = 2 - y**2 - 3 + 6*y**3 + 3*y**2. Let f = -557 + 553. Let m be ((-1)/f)/(6/(-24)). What is i(m)?
-5
Let d(f) be the first derivative of 2*f**2 + 13*f - 959. What is d(-5)?
-7
Let g = -2 - -3. Let b(w) = -144*w + 330. Let k(z) = -19*z + 45. Let h(y) = 3*b(y) - 22*k(y). Calculate h(g).
-14
Let d be 2/(((-24)/(-4))/3). Let r(z) = z**3 + z**2 - 1. Let y be r(d). Let h(b) = 0*b**2 - 15*b + 14*b - y - 3 - b**2. What is h(0)?
-4
Let y(n) be the third derivative of n**5/20 + 5*n**4/4 - 13*n**3/2 + 4*n**2 + 24*n + 6. Give y(-11).
-6
Suppose -19*r - 34 + 167 = 0. Suppose 0 = -16*j + r - 71. Let b(c) = -3*c - 4*c + 6*c - c**2. What is b(j)?
-12
Suppose 0 = -2*f - 4, 5*p + 3*f = 3*p. Let z(c) = p*c**2 - 8 + c**3 - c + 7 - 4*c. Determine z(-4).
3
Let b(d) = 2*d + 7. Suppose 4 = -4*s + 8*s - 3*k, -3*s + 5*k - 8 = 0. Let y be -2*6/s + (-85 - -83). Determine b(y).
-3
Let q(s) = -11*s - 2. Let t(w) = -w + 1. Let x(y) = -q(y) + 4*t(y). Let d be x(-1). Let h(p) = 24*p. Calculate h(d).
-24
Let p(y) = -y - 4. Let r(f) = -4*f + 19. Let m(w) = -7*w + 37. Let s(d) = -3*m(d) + 5*r(d). Let b be s(7). Let q(v) = 3*v + 34. Let k be q(b). Determine p(k).
-11
Let m(g) = -84*g + 502. Let o(k) = -k**3 + 12*k**2 - 38*k + 30. Let l be o(4). What is m(l)?
-2
Let f(s) be the third derivative of -1/8*s**4 + 75*s**2 + 0*s + 0 + 7/6*s**3 + 1/10*s**5 - 1/120*s**6. Give f(6).
-11
Let t(u) = -2*u**3 - 5*u**2 + u + 2. Suppose 0 = -5*r + 3*g - 12, -152*r = -151*r - 5*g - 2. Determine t(r).
8
Suppose 10*p + 65 = 2*w + 7, 0 = -p - 7. Let j(q) = 9*q + 54. Determine j(w).
0
Let s be 1/(4/(-8))*3/6. Let d(w) = 7*w - 5*w - 8 + 9 + 26*w. Determine d(s).
-27
Let s(b) be the first derivative of -b**4/4 - b**3/3 - b**2/2 + 27*b - 1518. Determine s(0).
27
Let o(t) be the first derivative of -t**3/3 - 23*t**2/2 - 116*t + 103. Let a be o(-8). Let p(x) = -x**3 + 2*x**2 + 9*x + 2. Give p(a).
6
Let h = 641 - 640. Let k(m) = 31*m**3 + 2*m**2 - 1. Calculate k(h).
32
Suppose 4*c = r - 22, 136*c - 9 = 139*c + 3*r. Let j(a) = -6*a - 5. Let o(m) = 7*m + 5. Let z(l) = 5*j(l) + 4*o(l). Determine z(c).
5
Let r(u) = 77*u**2 - 18*u - 14. Let h(j) = -90*j**2 + 19*j + 15. Let o(x) = 6*h(x) + 7*r(x). What is o(-5)?
27
Suppose y - 23 = 3*n, n - 9 = -3*y - 0. Let d(u) = 35*u - 11. Let f(w) = 6*w - 2. Let o(p) = 6*d(p) - 34*f(p). Give o(y).
32
Let w(g) be the second derivative of -g**5/20 + 7*g**4/12 + 11*g**3/6 - 21*g**2/2 + 1515*g. Calculate w(8).
3
Let h(o) = o - 14. Let q(p) = -13*p - 58 + 22*p - 15*p - 8 - 44. Let f be q(-19). Determine h(f).
-10
Let l(g) be the first derivative of -2/3*g**3 - 4*g - 4*g**2 + 139. Determine l(-4).
-4
Let v = 501 + -497. Let j(i) = 16 - v*i - 2*i**2 - 4*i**2 + 3*i**2 - 12 + 2*i**2. Calculate j(-3).
7
Let u = 3 - 0. Let a(l) = -u*l - 14 + 4*l + 13. Suppose -2*y - 14 = -4*f, -2*f = -4*y - 7*f + 37. Determine a(y).
2
Let o(r) = -r - 3. Let z = -41 - -45. Let b(v) = 2 + z - 7. Let q(c) = 6*b(c) - 2*o(c). Give q(3).
6
Let t(m) = -4*m**3 - 3*m**2 + 31*m - 5. Let p(j) = -3*j**3 - 4*j**2 + 26*j - 4. Let d(x) = 5*p(x) - 4*t(x). What is d(7)?
-7
Let w(a) = a**2 + 694*a + 13493. Let x be w(-20). Let u(t) = t**2 - 14*t - 30. Determine u(x).
-43
Let l(r) = r**2 - 30*r + 85. Suppose -91*a + 2476 = -172 + 282. Determine l(a).
-19
Let a = 273 - 269. Let u(v) = -2*v + a*v - 4*v + 0*v + 25 + 4*v. Give u(-16).
-7
Let g be (18/(-27))/(4/126*-3). Let j(h) = -h**2 + 5*h + 7*h + 0*h - g*h + 5. Determine j(5).
5
Let l(p) = -22*p**2 + 5*p - 58. Let r(v) = 23*v**2 - 7*v + 49. Let f(y) = -4*l(y) - 5*r(y). Calculate f(1).
-25
Let u(g) = 4*g - 33. Let j be u(8). Let f(q) be the third derivative of -4*q**5/15 + q**3/6 - 5*q**2 - 156. What is f(j)?
-15
Let x(q) be the third derivative of -q**7/840 - q**6/72 - q**5/20 + 17*q**3/3 - 59*q**2. Let c(s) be the first derivative of x(s). W